{"id":60,"date":"2018-03-02T13:24:14","date_gmt":"2018-03-02T16:24:14","guid":{"rendered":"https:\/\/www.meliore.com.br\/novosite\/?page_id=60"},"modified":"2021-09-13T10:14:59","modified_gmt":"2021-09-13T13:14:59","slug":"regularizacao-sanitaria-de-empresas-anvisa-visa","status":"publish","type":"page","link":"https:\/\/www.meliore.com.br\/novosite\/servicos\/regularizacao-sanitaria-de-empresas-anvisa-visa\/","title":{"rendered":"Regulariza\u00e7\u00e3o Sanit\u00e1ria de Empresas (ANVISA\/VISA)"},"content":{"rendered":"<section class=\"l-section wpb_row height_medium\"><div class=\"l-section-h i-cf\"><div class=\"g-cols vc_row type_default valign_top\"><div class=\"vc_col-sm-12 wpb_column vc_column_container\"><div class=\"vc_column-inner\"><div class=\"wpb_wrapper\">\r\n\t<div class=\"wpb_text_column \">\r\n\t\t<div class=\"wpb_wrapper\">\r\n\t\t\t<h4 style=\"text-align: center;\">Mantenha sua atividade legalizada perante a ANVISA e VISA<\/h4>\n\r\n\t\t<\/div>\r\n\t<\/div>\r\n<\/div><\/div><\/div><\/div><\/div><\/section><section class=\"l-section wpb_row height_small\"><div class=\"l-section-h i-cf\"><div class=\"g-cols vc_row type_default valign_top\"><div class=\"vc_col-sm-3 wpb_column vc_column_container\"><div class=\"vc_column-inner\"><div class=\"wpb_wrapper\">\r\n\t<div class=\"wpb_text_column \">\r\n\t\t<div class=\"wpb_wrapper\">\r\n\t\t\t<h5>Nossos Servi\u00e7os<\/h5>\n\r\n\t\t<\/div>\r\n\t<\/div>\r\n<div class=\"vc_wp_custommenu  layout_ver align_left\"><div class=\"widget widget_nav_menu\"><div class=\"menu-servicos-container\"><ul id=\"menu-servicos\" class=\"menu\"><li id=\"menu-item-63\" class=\"menu-item menu-item-type-post_type menu-item-object-page menu-item-63\"><a href=\"https:\/\/www.meliore.com.br\/novosite\/servicos\/regularizacao-sanitaria-de-empresas-anvisa-visa\/\">Regulariza\u00e7\u00e3o Sanit\u00e1ria de Empresas (ANVISA\/VISA)<\/a><\/li>\n<li id=\"menu-item-80\" class=\"menu-item menu-item-type-post_type menu-item-object-page menu-item-80\"><a href=\"https:\/\/www.meliore.com.br\/novosite\/servicos\/regularizacao-sanitaria-de-produtos-anvisa\/\">Regulariza\u00e7\u00e3o Sanit\u00e1ria de Produtos (ANVISA)<\/a><\/li>\n<li id=\"menu-item-79\" class=\"menu-item menu-item-type-post_type menu-item-object-page menu-item-79\"><a href=\"https:\/\/www.meliore.com.br\/novosite\/servicos\/sistema-da-qualidade-boas-praticas-de-fabricacao-distribuicao-transporte-bpx\/\">Sistema da Qualidade \u2013 Boas Pr\u00e1ticas de Fabrica\u00e7\u00e3o \/ Distribui\u00e7\u00e3o \/ Transporte (BPx)<\/a><\/li>\n<li id=\"menu-item-78\" class=\"menu-item menu-item-type-post_type menu-item-object-page menu-item-78\"><a href=\"https:\/\/www.meliore.com.br\/novosite\/servicos\/workshops-e-palestras\/\">Workshops e Palestras<\/a><\/li>\n<\/ul><\/div><\/div><\/div><\/div><\/div><\/div><div class=\"vc_col-sm-9 wpb_column vc_column_container\"><div class=\"vc_column-inner\"><div class=\"wpb_wrapper\">\r\n\t<div class=\"wpb_text_column \">\r\n\t\t<div class=\"wpb_wrapper\">\r\n\t\t\t<p>Fabricar, distribuir ou importar produtos sujeitos \u00e0s normas de Vigil\u00e2ncia Sanit\u00e1ria requer a regulariza\u00e7\u00e3o da empresa perante diferentes \u00f3rg\u00e3os. A Anvisa, por exemplo, \u00e9 incumbida por lei para conceder licenciamento \u00e0s empresas mediante comprova\u00e7\u00e3o de requisitos t\u00e9cnicos e administrativos. H\u00e1 ainda requisitos espec\u00edficos dos \u00f3rg\u00e3os competentes dos Estados, Distrito Federal e Munic\u00edpios.<\/p>\n<p>Devido \u00e0 natureza rigorosa deste processo, \u00e9 importante contar com profissionais especializados tanto no trato com os \u00f3rg\u00e3os reguladores\/fiscalizadores, al\u00e9m de conhecimento e experi\u00eancia no setor produtivo de materiais, medicamentos, saneantes, alimentos e bebidas.<\/p>\n<p>N\u00f3s avaliamos a situa\u00e7\u00e3o atual da empresa e seu grau de ader\u00eancia \u00e0s normas sanit\u00e1rias aplic\u00e1veis a ela para sua regulariza\u00e7\u00e3o. Auxiliamos no atendimento \u00e0s normas atrav\u00e9s da consultoria orientativa, do desenvolvimento da documenta\u00e7\u00e3o necess\u00e1ria, do treinamento de colaboradores, bem como da submiss\u00e3o e acompanhamento dos processos e inspe\u00e7\u00f5es junto \u00e0 ANVISA e VISA para obten\u00e7\u00e3o de:<\/p>\n<ul>\n<li>Licen\u00e7a Sanit\u00e1ria;<\/li>\n<li>AFE\/AE;<\/li>\n<li>CBPF;<\/li>\n<li>Projeto Arquitet\u00f4nico.<\/li>\n<\/ul>\n\r\n\t\t<\/div>\r\n\t<\/div>\r\n<\/div><\/div><\/div><\/div><\/div><\/section>\n","protected":false},"excerpt":{"rendered":"Mantenha sua atividade legalizada perante a ANVISA e VISA Nossos Servi\u00e7os Regulariza\u00e7\u00e3o Sanit\u00e1ria de Empresas (ANVISA\/VISA) Regulariza\u00e7\u00e3o Sanit\u00e1ria de Produtos (ANVISA) Sistema da Qualidade \u2013 Boas Pr\u00e1ticas de Fabrica\u00e7\u00e3o \/ Distribui\u00e7\u00e3o \/ Transporte (BPx) Workshops e Palestras Fabricar, distribuir ou importar produtos sujeitos \u00e0s normas de Vigil\u00e2ncia Sanit\u00e1ria requer a regulariza\u00e7\u00e3o da empresa perante diferentes...","protected":false},"author":1,"featured_media":0,"parent":55,"menu_order":0,"comment_status":"closed","ping_status":"closed","template":"","meta":[],"yoast_head":"<!-- This site is optimized with the Yoast SEO plugin v17.1 - https:\/\/yoast.com\/wordpress\/plugins\/seo\/ -->\n<title>Regulariza\u00e7\u00e3o Sanit\u00e1ria de Empresas (ANVISA\/VISA) - Meliore<\/title>\n<meta name=\"description\" content=\"Oferecemos consultoria especializada em Regulariza\u00e7\u00e3o Sanit\u00e1ria de Empresas junto a ANVISA. Devido \u00e0 natureza rigorosa do processo, \u00e9 importante contar com profissionais especializados no trato com os \u00f3rg\u00e3os reguladores\/fiscalizadores, al\u00e9m de conhecimento e experi\u00eancia no setor produtivo de materiais, medicamentos, saneantes, alimentos e bebidas.\" \/>\n<meta name=\"robots\" content=\"index, follow, max-snippet:-1, max-image-preview:large, max-video-preview:-1\" \/>\n<link rel=\"canonical\" href=\"https:\/\/www.meliore.com.br\/novosite\/servicos\/regularizacao-sanitaria-de-empresas-anvisa-visa\/\" \/>\n<meta property=\"og:locale\" content=\"pt_BR\" \/>\n<meta property=\"og:type\" content=\"article\" \/>\n<meta property=\"og:title\" content=\"Regulariza\u00e7\u00e3o Sanit\u00e1ria de Empresas (ANVISA\/VISA) - Meliore\" \/>\n<meta property=\"og:description\" content=\"Oferecemos consultoria especializada em Regulariza\u00e7\u00e3o Sanit\u00e1ria de Empresas junto a ANVISA. Devido \u00e0 natureza rigorosa do processo, \u00e9 importante contar com profissionais especializados no trato com os \u00f3rg\u00e3os reguladores\/fiscalizadores, al\u00e9m de conhecimento e experi\u00eancia no setor produtivo de materiais, medicamentos, saneantes, alimentos e bebidas.\" \/>\n<meta property=\"og:url\" content=\"https:\/\/www.meliore.com.br\/novosite\/servicos\/regularizacao-sanitaria-de-empresas-anvisa-visa\/\" \/>\n<meta property=\"og:site_name\" content=\"Meliore\" \/>\n<meta property=\"article:modified_time\" content=\"2021-09-13T13:14:59+00:00\" \/>\n<meta name=\"twitter:card\" content=\"summary_large_image\" \/>\n<meta name=\"twitter:label1\" content=\"Est. tempo de leitura\" \/>\n\t<meta name=\"twitter:data1\" content=\"1 minuto\" \/>\n<script type=\"application\/ld+json\" class=\"yoast-schema-graph\">{\"@context\":\"https:\/\/schema.org\",\"@graph\":[{\"@type\":\"WebSite\",\"@id\":\"https:\/\/www.meliore.com.br\/novosite\/#website\",\"url\":\"https:\/\/www.meliore.com.br\/novosite\/\",\"name\":\"Meliore\",\"description\":\"\",\"potentialAction\":[{\"@type\":\"SearchAction\",\"target\":{\"@type\":\"EntryPoint\",\"urlTemplate\":\"https:\/\/www.meliore.com.br\/novosite\/?s={search_term_string}\"},\"query-input\":\"required name=search_term_string\"}],\"inLanguage\":\"pt-BR\"},{\"@type\":\"WebPage\",\"@id\":\"https:\/\/www.meliore.com.br\/novosite\/servicos\/regularizacao-sanitaria-de-empresas-anvisa-visa\/#webpage\",\"url\":\"https:\/\/www.meliore.com.br\/novosite\/servicos\/regularizacao-sanitaria-de-empresas-anvisa-visa\/\",\"name\":\"Regulariza\\u00e7\\u00e3o Sanit\\u00e1ria de Empresas (ANVISA\/VISA) - Meliore\",\"isPartOf\":{\"@id\":\"https:\/\/www.meliore.com.br\/novosite\/#website\"},\"datePublished\":\"2018-03-02T16:24:14+00:00\",\"dateModified\":\"2021-09-13T13:14:59+00:00\",\"description\":\"Oferecemos consultoria especializada em Regulariza\\u00e7\\u00e3o Sanit\\u00e1ria de Empresas junto a ANVISA. Devido \\u00e0 natureza rigorosa do processo, \\u00e9 importante contar com profissionais especializados no trato com os \\u00f3rg\\u00e3os reguladores\/fiscalizadores, al\\u00e9m de conhecimento e experi\\u00eancia no setor produtivo de materiais, medicamentos, saneantes, alimentos e bebidas.\",\"breadcrumb\":{\"@id\":\"https:\/\/www.meliore.com.br\/novosite\/servicos\/regularizacao-sanitaria-de-empresas-anvisa-visa\/#breadcrumb\"},\"inLanguage\":\"pt-BR\",\"potentialAction\":[{\"@type\":\"ReadAction\",\"target\":[\"https:\/\/www.meliore.com.br\/novosite\/servicos\/regularizacao-sanitaria-de-empresas-anvisa-visa\/\"]}]},{\"@type\":\"BreadcrumbList\",\"@id\":\"https:\/\/www.meliore.com.br\/novosite\/servicos\/regularizacao-sanitaria-de-empresas-anvisa-visa\/#breadcrumb\",\"itemListElement\":[{\"@type\":\"ListItem\",\"position\":1,\"name\":\"In\\u00edcio\",\"item\":\"https:\/\/www.meliore.com.br\/novosite\/\"},{\"@type\":\"ListItem\",\"position\":2,\"name\":\"Servi\\u00e7os\",\"item\":\"https:\/\/www.meliore.com.br\/novosite\/servicos\/\"},{\"@type\":\"ListItem\",\"position\":3,\"name\":\"Regulariza\\u00e7\\u00e3o Sanit\\u00e1ria de Empresas (ANVISA\/VISA)\"}]}]}<\/script>\n<!-- \/ Yoast SEO plugin. -->","yoast_head_json":{"title":"Regulariza\u00e7\u00e3o Sanit\u00e1ria de Empresas (ANVISA\/VISA) - Meliore","description":"Oferecemos consultoria especializada em Regulariza\u00e7\u00e3o Sanit\u00e1ria de Empresas junto a ANVISA. Devido \u00e0 natureza rigorosa do processo, \u00e9 importante contar com profissionais especializados no trato com os \u00f3rg\u00e3os reguladores\/fiscalizadores, al\u00e9m de conhecimento e experi\u00eancia no setor produtivo de materiais, medicamentos, saneantes, alimentos e bebidas.","robots":{"index":"index","follow":"follow","max-snippet":"max-snippet:-1","max-image-preview":"max-image-preview:large","max-video-preview":"max-video-preview:-1"},"canonical":"https:\/\/www.meliore.com.br\/novosite\/servicos\/regularizacao-sanitaria-de-empresas-anvisa-visa\/","og_locale":"pt_BR","og_type":"article","og_title":"Regulariza\u00e7\u00e3o Sanit\u00e1ria de Empresas (ANVISA\/VISA) - Meliore","og_description":"Oferecemos consultoria especializada em Regulariza\u00e7\u00e3o Sanit\u00e1ria de Empresas junto a ANVISA. Devido \u00e0 natureza rigorosa do processo, \u00e9 importante contar com profissionais especializados no trato com os \u00f3rg\u00e3os reguladores\/fiscalizadores, al\u00e9m de conhecimento e experi\u00eancia no setor produtivo de materiais, medicamentos, saneantes, alimentos e bebidas.","og_url":"https:\/\/www.meliore.com.br\/novosite\/servicos\/regularizacao-sanitaria-de-empresas-anvisa-visa\/","og_site_name":"Meliore","article_modified_time":"2021-09-13T13:14:59+00:00","twitter_card":"summary_large_image","twitter_misc":{"Est. tempo de leitura":"1 minuto"},"schema":{"@context":"https:\/\/schema.org","@graph":[{"@type":"WebSite","@id":"https:\/\/www.meliore.com.br\/novosite\/#website","url":"https:\/\/www.meliore.com.br\/novosite\/","name":"Meliore","description":"","potentialAction":[{"@type":"SearchAction","target":{"@type":"EntryPoint","urlTemplate":"https:\/\/www.meliore.com.br\/novosite\/?s={search_term_string}"},"query-input":"required name=search_term_string"}],"inLanguage":"pt-BR"},{"@type":"WebPage","@id":"https:\/\/www.meliore.com.br\/novosite\/servicos\/regularizacao-sanitaria-de-empresas-anvisa-visa\/#webpage","url":"https:\/\/www.meliore.com.br\/novosite\/servicos\/regularizacao-sanitaria-de-empresas-anvisa-visa\/","name":"Regulariza\u00e7\u00e3o Sanit\u00e1ria de Empresas (ANVISA\/VISA) - Meliore","isPartOf":{"@id":"https:\/\/www.meliore.com.br\/novosite\/#website"},"datePublished":"2018-03-02T16:24:14+00:00","dateModified":"2021-09-13T13:14:59+00:00","description":"Oferecemos consultoria especializada em Regulariza\u00e7\u00e3o Sanit\u00e1ria de Empresas junto a ANVISA. Devido \u00e0 natureza rigorosa do processo, \u00e9 importante contar com profissionais especializados no trato com os \u00f3rg\u00e3os reguladores\/fiscalizadores, al\u00e9m de conhecimento e experi\u00eancia no setor produtivo de materiais, medicamentos, saneantes, alimentos e bebidas.","breadcrumb":{"@id":"https:\/\/www.meliore.com.br\/novosite\/servicos\/regularizacao-sanitaria-de-empresas-anvisa-visa\/#breadcrumb"},"inLanguage":"pt-BR","potentialAction":[{"@type":"ReadAction","target":["https:\/\/www.meliore.com.br\/novosite\/servicos\/regularizacao-sanitaria-de-empresas-anvisa-visa\/"]}]},{"@type":"BreadcrumbList","@id":"https:\/\/www.meliore.com.br\/novosite\/servicos\/regularizacao-sanitaria-de-empresas-anvisa-visa\/#breadcrumb","itemListElement":[{"@type":"ListItem","position":1,"name":"In\u00edcio","item":"https:\/\/www.meliore.com.br\/novosite\/"},{"@type":"ListItem","position":2,"name":"Servi\u00e7os","item":"https:\/\/www.meliore.com.br\/novosite\/servicos\/"},{"@type":"ListItem","position":3,"name":"Regulariza\u00e7\u00e3o Sanit\u00e1ria de Empresas (ANVISA\/VISA)"}]}]}},"_links":{"self":[{"href":"https:\/\/www.meliore.com.br\/novosite\/wp-json\/wp\/v2\/pages\/60"}],"collection":[{"href":"https:\/\/www.meliore.com.br\/novosite\/wp-json\/wp\/v2\/pages"}],"about":[{"href":"https:\/\/www.meliore.com.br\/novosite\/wp-json\/wp\/v2\/types\/page"}],"author":[{"embeddable":true,"href":"https:\/\/www.meliore.com.br\/novosite\/wp-json\/wp\/v2\/users\/1"}],"replies":[{"embeddable":true,"href":"https:\/\/www.meliore.com.br\/novosite\/wp-json\/wp\/v2\/comments?post=60"}],"version-history":[{"count":4,"href":"https:\/\/www.meliore.com.br\/novosite\/wp-json\/wp\/v2\/pages\/60\/revisions"}],"predecessor-version":[{"id":68,"href":"https:\/\/www.meliore.com.br\/novosite\/wp-json\/wp\/v2\/pages\/60\/revisions\/68"}],"up":[{"embeddable":true,"href":"https:\/\/www.meliore.com.br\/novosite\/wp-json\/wp\/v2\/pages\/55"}],"wp:attachment":[{"href":"https:\/\/www.meliore.com.br\/novosite\/wp-json\/wp\/v2\/media?parent=60"}],"curies":[{"name":"wp","href":"https:\/\/api.w.org\/{rel}","templated":true}]}}