{"id":2229,"date":"2024-04-06T16:55:28","date_gmt":"2024-04-06T19:55:28","guid":{"rendered":"https:\/\/www.meliore.com.br\/novosite\/?page_id=2229"},"modified":"2024-04-06T16:59:21","modified_gmt":"2024-04-06T19:59:21","slug":"nossos-cursos","status":"publish","type":"page","link":"https:\/\/www.meliore.com.br\/novosite\/nossos-cursos\/","title":{"rendered":"Nossos Cursos"},"content":{"rendered":"\t\t<div data-elementor-type=\"wp-page\" data-elementor-id=\"2229\" class=\"elementor elementor-2229\" data-elementor-settings=\"[]\">\n\t\t\t\t\t\t\t<div class=\"elementor-section-wrap\">\n\t\t\t\t\t\t\t<section class=\"elementor-section elementor-top-section elementor-element elementor-element-d1fdb6d elementor-section-boxed elementor-section-height-default elementor-section-height-default\" data-id=\"d1fdb6d\" data-element_type=\"section\">\n\t\t\t\t\t\t<div class=\"elementor-container elementor-column-gap-default\">\n\t\t\t\t\t<div class=\"elementor-column elementor-col-50 elementor-top-column elementor-element elementor-element-c022778\" data-id=\"c022778\" data-element_type=\"column\">\n\t\t\t<div class=\"elementor-widget-wrap elementor-element-populated\">\n\t\t\t\t\t\t\t\t<div class=\"elementor-element elementor-element-ef13175 elementor-cta--layout-image-above elementor-cta--skin-classic elementor-animated-content elementor-bg-transform elementor-bg-transform-zoom-in elementor-widget elementor-widget-call-to-action\" data-id=\"ef13175\" data-element_type=\"widget\" data-widget_type=\"call-to-action.default\">\n\t\t\t\t<div class=\"elementor-widget-container\">\n\t\t\t\t\t<div  class=\"elementor-cta\">\n\t\t\t\t\t<div class=\"elementor-cta__bg-wrapper\">\n\t\t\t\t<div class=\"elementor-cta__bg elementor-bg\" style=\"background-image: url(https:\/\/www.meliore.com.br\/novosite\/wp-content\/uploads\/2024\/04\/capa-do-curso-site-v1.png);\"><\/div>\n\t\t\t\t<div class=\"elementor-cta__bg-overlay\"><\/div>\n\t\t\t<\/div>\n\t\t\t\t\t\t\t<div class=\"elementor-cta__content\">\n\t\t\t\t\n\t\t\t\t\t\t\t\t\t<h2 class=\"elementor-cta__title elementor-cta__content-item elementor-content-item\">\n\t\t\t\t\t\tValida\u00e7\u00e3o - Do Zero ao PMV<br>\t\t\t\t\t<\/h2>\n\t\t\t\t\n\t\t\t\t\t\t\t\t\t<div class=\"elementor-cta__description elementor-cta__content-item elementor-content-item\">\n\t\t\t\t\t\tConhe\u00e7a os tipos de Valida\u00e7\u00e3o exigidos pela ANVISA e construa o seu Plano Mestre de Valida\u00e7\u00e3o. Esse curso \u00e9 para voc\u00ea que trabalha ou quer trabalhar com Qualidade em Ind\u00fastrias da \u00e1rea da Sa\u00fade. (Ind\u00fastria Farmac\u00eautica, Cosm\u00e9tica, de Saneantes, Dispositivos M\u00e9dicos, IFA, IVD, entre outros).\t\t\t\t\t<\/div>\n\t\t\t\t\n\t\t\t\t\t\t\t\t\t<div class=\"elementor-cta__button-wrapper elementor-cta__content-item elementor-content-item \">\n\t\t\t\t\t<a class=\"elementor-cta__button elementor-button elementor-size-sm\" href=\"https:\/\/qualidade1690303125.kpages.online\/nova-pagina-22de2452-42c0-4c6e-b32d-f2fcc524792e\" target=\"_blank\">\n\t\t\t\t\t\tSaiba mais\t\t\t\t\t<\/a>\n\t\t\t\t\t<\/div>\n\t\t\t\t\t\t\t<\/div>\n\t\t\t\t\t\t\t<div class=\"elementor-ribbon\">\n\t\t\t\t<div class=\"elementor-ribbon-inner\">Abertas<\/div>\n\t\t\t<\/div>\n\t\t\t\t<\/div>\n\t\t\t\t<\/div>\n\t\t\t\t<\/div>\n\t\t\t\t\t<\/div>\n\t\t<\/div>\n\t\t\t\t<div class=\"elementor-column elementor-col-50 elementor-top-column elementor-element elementor-element-87bd932\" data-id=\"87bd932\" data-element_type=\"column\">\n\t\t\t<div class=\"elementor-widget-wrap elementor-element-populated\">\n\t\t\t\t\t\t\t\t<div class=\"elementor-element elementor-element-bfc88b3 elementor-cta--skin-classic elementor-animated-content elementor-bg-transform elementor-bg-transform-zoom-in elementor-widget elementor-widget-call-to-action\" data-id=\"bfc88b3\" data-element_type=\"widget\" data-widget_type=\"call-to-action.default\">\n\t\t\t\t<div class=\"elementor-widget-container\">\n\t\t\t\t\t<div  class=\"elementor-cta\">\n\t\t\t\t\t<div class=\"elementor-cta__bg-wrapper\">\n\t\t\t\t<div class=\"elementor-cta__bg elementor-bg\" style=\"background-image: url(https:\/\/www.meliore.com.br\/novosite\/wp-content\/uploads\/2024\/04\/Artboard-1-copia-5-1024x576.png);\"><\/div>\n\t\t\t\t<div class=\"elementor-cta__bg-overlay\"><\/div>\n\t\t\t<\/div>\n\t\t\t\t\t\t\t<div class=\"elementor-cta__content\">\n\t\t\t\t\n\t\t\t\t\t\t\t\t\t<h2 class=\"elementor-cta__title elementor-cta__content-item elementor-content-item\">\n\t\t\t\t\t\tValida\u00e7\u00e3o - Qualifica\u00e7\u00e3o de Equipamentos e Valida\u00e7\u00e3o de Sistemas de \u00c1gua\t\t\t\t\t<\/h2>\n\t\t\t\t\n\t\t\t\t\t\t\t\t\t<div class=\"elementor-cta__description elementor-cta__content-item elementor-content-item\">\n\t\t\t\t\t\tAprenda a qualificar equipamentos e validar sistemas de \u00e1gua. Mesmo que voc\u00ea ainda n\u00e3o tenha tido qualquer contato com estas atividades, este curso vai te permitir come\u00e7\u00e1-las e conclu\u00ed-las.\t\t\t\t\t<\/div>\n\t\t\t\t\n\t\t\t\t\t\t\t\t\t<div class=\"elementor-cta__button-wrapper elementor-cta__content-item elementor-content-item \">\n\t\t\t\t\t<a class=\"elementor-cta__button elementor-button elementor-size-sm\">\n\t\t\t\t\t\tAvise-me\t\t\t\t\t<\/a>\n\t\t\t\t\t<\/div>\n\t\t\t\t\t\t\t<\/div>\n\t\t\t\t\t\t\t<div class=\"elementor-ribbon\">\n\t\t\t\t<div class=\"elementor-ribbon-inner\">breve<\/div>\n\t\t\t<\/div>\n\t\t\t\t<\/div>\n\t\t\t\t<\/div>\n\t\t\t\t<\/div>\n\t\t\t\t\t<\/div>\n\t\t<\/div>\n\t\t\t\t\t\t\t<\/div>\n\t\t<\/section>\n\t\t\t\t\t\t<\/div>\n\t\t\t\t\t<\/div>\n\t\t","protected":false},"excerpt":{"rendered":"<p>Valida\u00e7\u00e3o &#8211; Do Zero ao PMV Conhe\u00e7a os tipos de Valida\u00e7\u00e3o exigidos pela ANVISA e construa o seu Plano Mestre de Valida\u00e7\u00e3o. Esse curso \u00e9 para voc\u00ea que trabalha ou quer trabalhar com Qualidade em Ind\u00fastrias da \u00e1rea da Sa\u00fade. (Ind\u00fastria Farmac\u00eautica, Cosm\u00e9tica, de Saneantes, Dispositivos M\u00e9dicos, IFA, IVD, entre outros). Saiba mais Abertas Valida\u00e7\u00e3o&#8230;<\/p>\n","protected":false},"author":2,"featured_media":0,"parent":0,"menu_order":0,"comment_status":"closed","ping_status":"closed","template":"","meta":[],"yoast_head":"<!-- This site is optimized with the Yoast SEO plugin v17.1 - https:\/\/yoast.com\/wordpress\/plugins\/seo\/ -->\n<title>Nossos Cursos - Meliore<\/title>\n<meta name=\"robots\" content=\"index, follow, max-snippet:-1, max-image-preview:large, max-video-preview:-1\" \/>\n<link rel=\"canonical\" href=\"https:\/\/www.meliore.com.br\/novosite\/nossos-cursos\/\" \/>\n<meta property=\"og:locale\" content=\"pt_BR\" \/>\n<meta property=\"og:type\" content=\"article\" \/>\n<meta property=\"og:title\" content=\"Nossos Cursos - Meliore\" \/>\n<meta property=\"og:description\" content=\"Valida\u00e7\u00e3o &#8211; Do Zero ao PMV Conhe\u00e7a os tipos de Valida\u00e7\u00e3o exigidos pela ANVISA e construa o seu Plano Mestre de Valida\u00e7\u00e3o. Esse curso \u00e9 para voc\u00ea que trabalha ou quer trabalhar com Qualidade em Ind\u00fastrias da \u00e1rea da Sa\u00fade. (Ind\u00fastria Farmac\u00eautica, Cosm\u00e9tica, de Saneantes, Dispositivos M\u00e9dicos, IFA, IVD, entre outros). Saiba mais Abertas Valida\u00e7\u00e3o...\" \/>\n<meta property=\"og:url\" content=\"https:\/\/www.meliore.com.br\/novosite\/nossos-cursos\/\" \/>\n<meta property=\"og:site_name\" content=\"Meliore\" \/>\n<meta property=\"article:modified_time\" content=\"2024-04-06T19:59:21+00:00\" \/>\n<meta name=\"twitter:card\" content=\"summary_large_image\" \/>\n<meta name=\"twitter:label1\" content=\"Est. tempo de leitura\" \/>\n\t<meta name=\"twitter:data1\" content=\"1 minuto\" \/>\n<script type=\"application\/ld+json\" class=\"yoast-schema-graph\">{\"@context\":\"https:\/\/schema.org\",\"@graph\":[{\"@type\":\"WebSite\",\"@id\":\"https:\/\/www.meliore.com.br\/novosite\/#website\",\"url\":\"https:\/\/www.meliore.com.br\/novosite\/\",\"name\":\"Meliore\",\"description\":\"\",\"potentialAction\":[{\"@type\":\"SearchAction\",\"target\":{\"@type\":\"EntryPoint\",\"urlTemplate\":\"https:\/\/www.meliore.com.br\/novosite\/?s={search_term_string}\"},\"query-input\":\"required name=search_term_string\"}],\"inLanguage\":\"pt-BR\"},{\"@type\":\"WebPage\",\"@id\":\"https:\/\/www.meliore.com.br\/novosite\/nossos-cursos\/#webpage\",\"url\":\"https:\/\/www.meliore.com.br\/novosite\/nossos-cursos\/\",\"name\":\"Nossos Cursos - Meliore\",\"isPartOf\":{\"@id\":\"https:\/\/www.meliore.com.br\/novosite\/#website\"},\"datePublished\":\"2024-04-06T19:55:28+00:00\",\"dateModified\":\"2024-04-06T19:59:21+00:00\",\"breadcrumb\":{\"@id\":\"https:\/\/www.meliore.com.br\/novosite\/nossos-cursos\/#breadcrumb\"},\"inLanguage\":\"pt-BR\",\"potentialAction\":[{\"@type\":\"ReadAction\",\"target\":[\"https:\/\/www.meliore.com.br\/novosite\/nossos-cursos\/\"]}]},{\"@type\":\"BreadcrumbList\",\"@id\":\"https:\/\/www.meliore.com.br\/novosite\/nossos-cursos\/#breadcrumb\",\"itemListElement\":[{\"@type\":\"ListItem\",\"position\":1,\"name\":\"In\\u00edcio\",\"item\":\"https:\/\/www.meliore.com.br\/novosite\/\"},{\"@type\":\"ListItem\",\"position\":2,\"name\":\"Nossos Cursos\"}]}]}<\/script>\n<!-- \/ Yoast SEO plugin. -->","yoast_head_json":{"title":"Nossos Cursos - Meliore","robots":{"index":"index","follow":"follow","max-snippet":"max-snippet:-1","max-image-preview":"max-image-preview:large","max-video-preview":"max-video-preview:-1"},"canonical":"https:\/\/www.meliore.com.br\/novosite\/nossos-cursos\/","og_locale":"pt_BR","og_type":"article","og_title":"Nossos Cursos - Meliore","og_description":"Valida\u00e7\u00e3o &#8211; Do Zero ao PMV Conhe\u00e7a os tipos de Valida\u00e7\u00e3o exigidos pela ANVISA e construa o seu Plano Mestre de Valida\u00e7\u00e3o. Esse curso \u00e9 para voc\u00ea que trabalha ou quer trabalhar com Qualidade em Ind\u00fastrias da \u00e1rea da Sa\u00fade. (Ind\u00fastria Farmac\u00eautica, Cosm\u00e9tica, de Saneantes, Dispositivos M\u00e9dicos, IFA, IVD, entre outros). Saiba mais Abertas Valida\u00e7\u00e3o...","og_url":"https:\/\/www.meliore.com.br\/novosite\/nossos-cursos\/","og_site_name":"Meliore","article_modified_time":"2024-04-06T19:59:21+00:00","twitter_card":"summary_large_image","twitter_misc":{"Est. tempo de leitura":"1 minuto"},"schema":{"@context":"https:\/\/schema.org","@graph":[{"@type":"WebSite","@id":"https:\/\/www.meliore.com.br\/novosite\/#website","url":"https:\/\/www.meliore.com.br\/novosite\/","name":"Meliore","description":"","potentialAction":[{"@type":"SearchAction","target":{"@type":"EntryPoint","urlTemplate":"https:\/\/www.meliore.com.br\/novosite\/?s={search_term_string}"},"query-input":"required name=search_term_string"}],"inLanguage":"pt-BR"},{"@type":"WebPage","@id":"https:\/\/www.meliore.com.br\/novosite\/nossos-cursos\/#webpage","url":"https:\/\/www.meliore.com.br\/novosite\/nossos-cursos\/","name":"Nossos Cursos - Meliore","isPartOf":{"@id":"https:\/\/www.meliore.com.br\/novosite\/#website"},"datePublished":"2024-04-06T19:55:28+00:00","dateModified":"2024-04-06T19:59:21+00:00","breadcrumb":{"@id":"https:\/\/www.meliore.com.br\/novosite\/nossos-cursos\/#breadcrumb"},"inLanguage":"pt-BR","potentialAction":[{"@type":"ReadAction","target":["https:\/\/www.meliore.com.br\/novosite\/nossos-cursos\/"]}]},{"@type":"BreadcrumbList","@id":"https:\/\/www.meliore.com.br\/novosite\/nossos-cursos\/#breadcrumb","itemListElement":[{"@type":"ListItem","position":1,"name":"In\u00edcio","item":"https:\/\/www.meliore.com.br\/novosite\/"},{"@type":"ListItem","position":2,"name":"Nossos Cursos"}]}]}},"_links":{"self":[{"href":"https:\/\/www.meliore.com.br\/novosite\/wp-json\/wp\/v2\/pages\/2229"}],"collection":[{"href":"https:\/\/www.meliore.com.br\/novosite\/wp-json\/wp\/v2\/pages"}],"about":[{"href":"https:\/\/www.meliore.com.br\/novosite\/wp-json\/wp\/v2\/types\/page"}],"author":[{"embeddable":true,"href":"https:\/\/www.meliore.com.br\/novosite\/wp-json\/wp\/v2\/users\/2"}],"replies":[{"embeddable":true,"href":"https:\/\/www.meliore.com.br\/novosite\/wp-json\/wp\/v2\/comments?post=2229"}],"version-history":[{"count":4,"href":"https:\/\/www.meliore.com.br\/novosite\/wp-json\/wp\/v2\/pages\/2229\/revisions"}],"predecessor-version":[{"id":2315,"href":"https:\/\/www.meliore.com.br\/novosite\/wp-json\/wp\/v2\/pages\/2229\/revisions\/2315"}],"wp:attachment":[{"href":"https:\/\/www.meliore.com.br\/novosite\/wp-json\/wp\/v2\/media?parent=2229"}],"curies":[{"name":"wp","href":"https:\/\/api.w.org\/{rel}","templated":true}]}}